0
Let h(c) = 62*c + 2064. Calculate h(-33).
18
Let p(c) = 47*c**3 + 2*c**2 - 223*c - 226. Determine p(-1).
-48
Let a(u) = 70*u + 58. What is a(-2)?
-82
Let s(p) = -326*p + 37484. What is s(115)?
-6
Let r(i) = 879*i**2 + 7031*i - 5. What is r(-8)?
3
Let n(i) = 311*i + 6. Determine n(1).
317
Let r(g) = 16*g**2 - 116*g - 2. Determine r(8).
94
Let b(o) = -42*o**3 - 2*o**2 - 2*o + 8. What is b(0)?
8
Let b(h) = -h**3 - 2154*h - 5. What is b(0)?
-5
Let n(x) = -7*x**2 - 35*x - 15. What is n(-5)?
-15
Let s(c) = -5*c**3 - 5*c**2 + 15*c - 34. Calculate s(4).
-374
Let f(b) = 246*b - 791. What is f(8)?
1177
Let t(r) = -5*r**2 + 37*r + 35. Determine t(9).
-37
Let p(f) = -f**3 - 11*f**2 - 5*f - 9. Give p(-9).
-126
Let j(f) = -f**2 + 70*f - 256. Calculate j(66).
8
Let y(d) = 6*d - 86. What is y(-49)?
-380
Let x(p) = -10*p**2 + 9*p + 12. Give x(8).
-556
Let s(l) = -804*l + 32958. Calculate s(41).
-6
Let f(s) = 5*s**2 - 52*s - 3. Calculate f(11).
30
Let m(n) = n**3 - 2*n**2 - 23*n. Give m(6).
6
Let b(z) = -z**2 - 60*z - 41. Give b(-60).
-41
Let l(y) = -8*y**3 + 88*y**2 - 195*y + 27. What is l(2)?
-75
Let k(c) = -71*c - 4610. Determine k(-65).
5
Let x(j) = j**3 + 6*j**2 + 91*j + 258. Give x(-3).
12
Let j(v) = 233*v + 1414. Determine j(-5).
249
Let h(u) = -36*u - 375. Determine h(-6).
-159
Let j(g) = -g**2 + 11*g + 76. What is j(-6)?
-26
Let p(s) = -18*s - 219. What is p(0)?
-219
Let d(j) = -j**2 + 20*j + 707. Calculate d(37).
78
Let n(z) = -2*z - 62. Give n(-40).
18
Let v(b) = -2*b**2 + 41*b - 62. Calculate v(29).
-555
Let x(g) = -30*g - 190. Calculate x(-6).
-10
Let c(r) = -r**3 + 9*r**2 - 6*r - 7. Calculate c(8).
9
Let d(x) = -24*x + 45. What is d(-4)?
141
Let t(i) = -i**2 - 7*i + 651. What is t(23)?
-39
Let t(w) = 684*w + 11635. Calculate t(-17).
7
Let a(t) = -61*t + 43. Calculate a(-5).
348
Let q(l) = 6*l**2 + 97*l - 5. Give q(-16).
-21
Let g(c) = 5*c**2 + 5*c - 16. Calculate g(0).
-16
Let i(d) = -d**2 + 34*d - 293. Determine i(19).
-8
Let w(b) = 85*b + 326. Determine w(-7).
-269
Let d(b) = -19*b**2 - 340*b + 29. Calculate d(-18).
-7
Let r(n) = -6*n - 465. What is r(-9)?
-411
Let d(t) = -t**3 + 12*t**2 - 11*t - 19. Determine d(11).
-19
Let l(d) = -3*d**3 - 20*d**2 + 22*d + 35. Determine l(-7).
-70
Let x(s) = 10*s**3 + 2*s**2 + s - 1. Calculate x(-1).
-10
Let b(g) = -g**2 + 301*g + 4104. Calculate b(-13).
22
Let u(x) = 21262*x - 21272. Determine u(1).
-10
Let k(c) = -c**2 + 271*c + 5201. Give k(-18).
-1
Let l(f) = -7*f + 49. Give l(-28).
245
Let d(j) = -j**3 + 48*j**2 - 139*j + 187. Give d(45).
7
Let k(w) = -14*w**2 + 45*w - 88. Give k(3).
-79
Let w(r) = 4*r**3 - 35*r**2 - 10*r + 15. Determine w(9).
6
Let q(d) = 8*d**2 + 25*d + 59. Give q(-11).
752
Let b(u) = -u**3 + 76*u**2 + 318*u + 137. Calculate b(80).
-23
Let q(l) = l**3 + 25*l**2 - 90*l - 159. Give q(-28).
9
Let t(n) = -20*n**3 + 339*n**2 + 18*n - 9. What is t(17)?
8
Let q(g) = g**3 - 124*g**2 + 2882*g + 100. Calculate q(93).
7
Let b(h) = -h**3 + 107*h**2 - 19*h + 2033. Calculate b(107).
0
Let k(v) = 3*v**2 - 208*v + 963. Calculate k(5).
-2
Let m(c) = -545*c + 36. What is m(0)?
36
Let i(c) = c**2 - 26*c - 58. Give i(27).
-31
Let k(n) = n**3 - 2*n**2 + 12*n + 101. Calculate k(0).
101
Let z(h) = 4897*h + 4884. Give z(-1).
-13
Let n(m) = -40*m**3 - m**2 + 42*m - 42. Determine n(1).
-41
Let m(v) = -28*v**2 - 980*v - 103. Give m(-35).
-103
Let s(y) = 172*y + 1775. Calculate s(-10).
55
Let k(r) = -141*r - 3226. Determine k(-23).
17
Let v(r) = -r**3 - 46*r**2 + 97*r + 107. Give v(-48).
59
Let c(x) = -x**2 + 129*x - 1898. Give c(17).
6
Let f(y) = 2*y**2 + y - 10. Give f(4).
26
Let a(z) = -8600*z + 94612. Calculate a(11).
12
Let a(u) = -112*u + 3914. Determine a(35).
-6
Let g(o) = -o**3 + 12*o**2 + 7*o - 53. Calculate g(12).
31
Let u(l) = -3*l**2 - 105*l + 394. What is u(4)?
-74
Let t(j) = 1077*j + 15110. What is t(-14)?
32
Let p(f) = 24*f**3 + 4*f**2 + 8*f + 10. What is p(-2)?
-182
Let c(o) = 44*o**2 + 666*o + 95. Determine c(-15).
5
Let z(u) = u**2 - 90*u + 264. Calculate z(87).
3
Let c(w) = w**3 - 18*w**2 + 69*w + 20. Determine c(6).
2
Let k(g) = -10*g**2 + 14*g + 8. Calculate k(-1).
-16
Let c(m) = m**2 - 1170*m + 18485. What is c(16)?
21
Let b(g) = g**3 - 7*g**2 + 103*g - 665. Calculate b(7).
56
Let h(f) = -68*f + 3330. Give h(49).
-2
Let j(n) = 137*n - 512. Give j(3).
-101
Let k(n) = -258*n - 4381. Calculate k(-17).
5
Let u(y) = -y**2 - 44*y + 571. Give u(10).
31
Let r(t) = t**3 + 10*t**2 + t - 35. Calculate r(-9).
37
Let a(n) = 32*n - 817. What is a(-11)?
-1169
Let n(q) = -q**2 + 226*q - 7889. Give n(183).
-20
Let d(l) = l**2 - 97*l + 2159. What is d(62)?
-11
Let c(h) = h**3 + 64*h**2 - 350*h - 340. Determine c(-69).
5
Let m(t) = 11*t**2 + 4*t - 51. What is m(-5)?
204
Let u(j) = j**3 - 8*j**2 + j + 30. Determine u(7).
-12
Let m(a) = 75*a + 10431. Calculate m(-139).
6
Let c(q) = -838*q - 21784. Give c(-26).
4
Let b(h) = 149*h + 3270. Give b(-22).
-8
Let s(u) = 163*u**2 + 1315*u + 95. Determine s(-8).
7
Let u(s) = -s**3 - 21*s**2 - 48*s - 22. What is u(-6)?
-274
Let j(a) = 67*a + 844. What is j(-13)?
-27
Let o(s) = -49*s + 33. What is o(-1)?
82
Let b(k) = -5*k + 113. Determine b(23).
-2
Let y(v) = 48*v + 2744. Determine y(-57).
8
Let j(y) = -17*y + 471. Give j(25).
46
Let n(p) = -9*p**2 - 38*p + 6. Give n(-5).
-29
Let t(a) = -452*a - 1951. Calculate t(-6).
761
Let j(k) = -k**2 - 7*k - 361. Calculate j(0).
-361
Let i(r) = 79*r + 1191. Calculate i(-15).
6
Let z(p) = -122*p**2 - 7*p + 1. Determine z(-1).
-114
Let v(t) = -3*t**2 - 6*t + 25. Calculate v(-4).
1
Let d(m) = -967*m - 32878. Give d(-34).
0
Let l(t) = 779*t - 91919. What is l(118)?
3
Let g(f) = -2*f**2 - f - 11. Give g(4).
-47
Let m(j) = -855*j - 92. Give m(0).
-92
Let q(x) = 1014*x + 38534. Give q(-38).
2
Let r(i) = 31*i - 247. Determine r(9).
32
Let u(a) = -368*a**2 - a - 1. Calculate u(1).
-370
Let p(o) = -2*o**3 - 28*o**2 - 26*o + 23. Calculate p(-13).
23
Let y(m) = -3*m**2 - 183*m + 1274. Give y(-68).
-154
Let r(u) = -3*u**3 + u**2 + 4*u - 8. Give r(0).
-8
Let u(p) = -p**2 - p + 331. What is u(18)?
-11
Let l(y) = -y**3 + 56*y**2 + 54*y + 193. Calculate l(57).
22
Let x(o) = -422*o + 3453. Give x(8).
77
Let d(s) = 9*s**2 + 84*s + 206. Calculate d(-4).
14
Let f(j) = 161*j + 8704. What is f(-54)?
10
Let d(w) = -w**3 - 2*w**2 + 48*w - 116. Determine d(8).
-372
Let k(v) = v**3 - 7*v**2 - 17*v - 2. Calculate k(-4).
-110
Let s(t) = -t**2 + 6*t + 15. Calculate s(7).
8
Let g(u) = -u**2 - 74*u - 920. Determine g(-16).
8
Let b(s) = -s**3 + 4*s**2 + 17*s - 73. Determine b(5).
-13
Let r(w) = -6*w**3 + 70*w**2 + 49*w - 303. Give r(12).
-3
Let r(j) = -8*j - 371. Give r(-38).
-67
Let x(i) = 24*i**2 + 673*i + 24. Calculate x(-28).
-4
Let y(g) = -40*g - 12435. Determine y(-311).
5
Let i(y) = y**2 + 69*y + 732. What is i(-13)?
4
Let l(s) = 2*s**2 + 144*s + 1343. Calculate l(-11).
1
Let m(f) = -f**3 + 104*f**2 + 546*f - 44. Determine m(109).
65
Let z(l) = -352*l**2 + 2813*l + 45. What is z(8)?
21
Let t(l) = -3*l**2 - 218*l - 1598. Determine t(-7).
-219
Let h(s) = -5*s - 160. Determine h(47).
-395
Let j(c) = -2*c**3 - 147*c**2 + 381*c + 73. Calculate j(-76).
-3
Let i(h) = -h**3 + 2*h**2 - 18*h + 28. Give i(2).
-8
Let o(k) = k**3 + 11*k**2 - 38*k - 32. Determine o(-14).
-88
Let t(s) = -s**3 - 30*s**2 - 82*s + 9. What is t(-27)?
36
Let k(s) = -s**3 + 139*s**2 + 3726*s - 16. Determine k(162).
-16
Let j(b) = -b**3 + 25*b**2 + 50*b + 124. Determine j(27).
16
Let t(s) = -2*s**3 + 52*s**2 - 37*s - 224. Determine t(25).
101
Let s(k) = -26*k**2 - 47*k - 83. Determine s(-2).
-93
Let w(v) = -1576*v - 11042. Determine w(-7).
-10
Let u(x) = 4*x**2 + 5*x + 26. Give u(-5).
101
Let w(s) = 6*s**2 + 46*s + 16. Give w(-8).
32
Let d(x) = 75*x + 13. What is d(2)?
163
Let b(d) = -d**3 - 21*d**2 - 37*d + 9. What is b(-19)?
-10
Let o(k) = -6*k + 33. Give o(5).
3
Let z(c) = 18*c**2 - 214*c - 21. What is z(12)?
3
Let c(t) = t**3 + 6*t**2 + 3*t + 11. Determine c(-6).
-7
Let w(j) = 85*j + 3404. Calculate w(-40).
4
Let y(w) = 10*w**3 + 207*w**2 - 81*w - 366. What is y(-21)?
12
Let q(f) = -2084*f + 41710. Give q(20).
30
Let n(d) = -d**3 - 47*d**2 + 4*d + 74. Determine n(-47).
-114
Let a(f) = 2*f**3 - 42*f**2 + 32*f + 156. Calculate a(20).
-4
Let k(y) = y**3 + 67*y**2 - 355*y + 371. Give k(-72)